s of y?
2, 3, 5, 13
Let l(g) = 10*g + 70*g + 109*g + 8*g - 20*g + 49. What are the prime factors of l(2)?
13, 31
Suppose 1269489 = -131*d + 7348151. What are the prime factors of d?
2, 23201
Let m(x) = -6*x**2 + 4*x - 8. Let b be m(-6). Let r = b - -662. Suppose -10*c - r = -13*c. List the prime factors of c.
2, 3, 23
Let a be (5 - 2 - -25)/1. What are the prime factors of 5712/a*-2*(-3)/4?
2, 3, 17
Let j = -30 - -38. Let g(y) = -j*y + 18*y**2 - 19*y**2 - 12 + 35*y. List the prime factors of g(11).
2, 41
Let z(m) = 29*m + 14. Suppose 0 = -3*y + 5*q + 34, -13 = -4*y - 2*q + 15. List the prime factors of z(y).
2, 3, 41
Suppose 8*q + 1064519 = 67*q + 364012. List the prime factors of q.
31, 383
Let v(u) = -8244*u - 107. List the prime factors of v(-2).
16381
Suppose -1012440 = -365*n + 209*n. List the prime factors of n.
2, 5, 11, 59
Let f = 4 + 1. Suppose n + 4 = -j - 4, j = f*n + 22. What are the prime factors of 4/(-8)*74*-2 - j?
7, 11
Let k(q) = -2*q**2 + 5*q - 8. Let f(p) = -p**2 + 4*p - 7. Let n(c) = 2*f(c) - 3*k(c). What are the prime factors of n(5)?
3, 5
List the prime factors of (-20)/110 - 7/(539/(-4128908)).
2, 3, 331
Let x(z) = -9*z + 1. Let r be x(-20). Suppose r = -i - w, w = 4*i - 2*w + 689. Let v = i - -272. What are the prime factors of v?
2, 3
Let o be 2/1 + (2 - 7 - -137). Let q = 143 + o. List the prime factors of q.
277
Let b = 19126 - 5788. What are the prime factors of b?
2, 3, 13, 19
Let c = 845 - 27. Suppose -c = 8*m - 13466. List the prime factors of m.
3, 17, 31
Let v be (-1 - 1) + 600/4. Let l(u) = -89*u**2 + 2. Let w be l(-1). Let i = v + w. List the prime factors of i.
61
Suppose -25 = -7*z + 3. Suppose -a - 4 = -3*p - 2, -z*p = -4*a + 16. List the prime factors of a.
7
Suppose 64*o - 29 = 63*o. Let r = o - 24. Suppose 3*v - 599 = -r*t - 0*v, 2*t - 227 = 3*v. List the prime factors of t.
2, 59
Let t = -7122 - -9301. What are the prime factors of t?
2179
Suppose -552*z + 25972010 = 222*z + 823976. List the prime factors of z.
32491
Let m be (2/5)/(27/1485). Let b be ((-11)/m)/((-1)/264). Suppose -13*h = -2*h - b. List the prime factors of h.
2, 3
Suppose 3*a - 5*x - 57 = 0, 14 + 7 = a - x. Suppose 6*f + a = 10*f. List the prime factors of (f - -48)*(-15)/(-9).
2, 3, 5
Let t = -411 - -96. Let h = t + 474. List the prime factors of h.
3, 53
Let g = 968 - 538. List the prime factors of g.
2, 5, 43
Let k(d) be the second derivative of d**5/20 + 13*d**4/12 + 3*d**3 - 21*d**2/2 + 79*d. List the prime factors of k(-10).
3, 11
Let y(i) = -69*i**3 - 19*i**2 + 20*i + 98. What are the prime factors of y(-4)?
2, 5, 7, 59
Let w(f) = -f**3 - 8*f**2 - 9*f - 10. Suppose q + 14 - 7 = 0. Let i be w(q). Suppose -i*r + 0*r = -4, 5*l - 5*r = 345. What are the prime factors of l?
2, 5, 7
Let a(z) = 444*z - 157. List the prime factors of a(9).
11, 349
Suppose 6*f = 3*f + 3*m + 3654, 2*m + 10 = 0. List the prime factors of f.
1213
Let u = 2403 - -16217. List the prime factors of u.
2, 5, 7, 19
Suppose 0 = -21377*c + 21381*c - 50324. List the prime factors of c.
23, 547
What are the prime factors of 10241 - (0 - (-6 + 4) - 7)?
2, 47, 109
Let z = -56256 + 80094. List the prime factors of z.
2, 3, 29, 137
Let x(u) = -1206*u - 5176. List the prime factors of x(-43).
2, 17, 1373
Let h(t) = 21*t + 2. Let d be h(2). Let g(s) = -s**3 + 46*s**2 - 72*s + 32. What are the prime factors of g(d)?
2, 23
Let o = 19457 + -12574. List the prime factors of o.
6883
What are the prime factors of (12/10 - 2034296/880)/(4/(-16))?
2, 4621
What are the prime factors of 88629/10 + -2 - (-12)/120?
8861
Let a(g) be the first derivative of -g**4/4 + 2*g**3/3 - 3*g**2/2 + 31*g - 43. What are the prime factors of a(-6)?
337
List the prime factors of (-8)/10*(-40639875)/870.
2, 5, 37, 101
Let y(c) = 5*c - 16. Let a be y(4). Suppose -f = -a*b - 693, -4*b + 160 + 509 = f. List the prime factors of f.
3, 227
Suppose 0 = 5*w - 4*l - 18 + 15, -4*l + 21 = 3*w. Suppose d = w*c - d - 334, c - 3*d - 102 = 0. List the prime factors of c.
2, 3, 19
Suppose 8271 + 13085 = 4*d. List the prime factors of d.
19, 281
Suppose -c - 424 + 443 = 0. Let v(w) = w**3 + w + 1. Let m(f) = -2*f**3 - 19*f**2 - 15*f + 36. Let d(o) = -m(o) - 3*v(o). What are the prime factors of d(c)?
3, 7
List the prime factors of ((-36885)/20)/((-7)/504*6).
3, 2459
Let d(m) = -45*m - 36. Let s be d(-16). List the prime factors of (-200)/15*s/(-8).
2, 3, 5, 19
Suppose 4*j = 4*c + 88720, 26*c = 12*c + 56. List the prime factors of j.
2, 47, 59
Let f(z) = z**3 - 36*z**2 + 32*z + 85. Let v be f(35). Let g(l) = l**3 + 11*l**2 + 8*l + 5. Let o be g(-8). Let s = v + o. List the prime factors of s.
113
Suppose -d = 22 + 98. Let r be ((-3)/1)/(4 - (-471)/d). Let v = r + 83. What are the prime factors of v?
43
Suppose -113*a = -93*a - 86500. What are the prime factors of a?
5, 173
Let q = 517 - 833. What are the prime factors of (2 + q)*(3 + -4 + -1)?
2, 157
Let m be ((-75)/45)/(15/(-18)). Suppose 5*a - 1091 = -2*g, -548 = 2*g - m*a - 1604. List the prime factors of g.
13, 41
Let m = -23 - -27. Let x be -262 - (m/(-8)*-4 + -3). Let z = 436 + x. List the prime factors of z.
5, 7
Let b(p) = p**2 + 18*p + 5. Let r be b(-18). Suppose -r*w = k - 2646, 5*w + k = 4*w + 530. List the prime factors of w.
23
Let q = 1739 + -1204. Let t = q + -264. Suppose 0 = 6*i - 2*i - p - 350, t = 3*i - 5*p. What are the prime factors of i?
3, 29
Let i = 33936 + -16615. List the prime factors of i.
17321
Suppose -16 - 20 = -9*o. Suppose 0 = -3*c + o*c - 242. Let v = c + -55. What are the prime factors of v?
11, 17
Let r(v) = -1035*v - 414. List the prime factors of r(-10).
2, 3, 23
Suppose 22*y + 20*y = -16*y + 248588. List the prime factors of y.
2, 2143
Let f be 6 + 31 + 24/(-6). Suppose d = f + 35. List the prime factors of d.
2, 17
Let r(t) = t**2 + 18*t - 112. Let m be r(-23). Suppose -5*g + m*k = -6040, 8*k = -g + 4*k + 1208. List the prime factors of g.
2, 151
Let d(c) = 562*c - 2928. List the prime factors of d(67).
2, 97, 179
Let d(v) = 154*v**2 + 3*v - 14. Let h be d(3). Suppose -11*t = -4725 + h. Suppose 2*f + f - 5*w - 172 = 0, -4*w = -5*f + t. What are the prime factors of f?
2
List the prime factors of (65940/175)/(806/200 + (-4 - 0)).
2, 5, 157
Let h(v) = 596*v**3 - v**2 - v + 1. Let k be h(1). Suppose 50*f - 43*f = k. List the prime factors of f.
5, 17
Suppose 12*u - 14*u = 6. Suppose 7*r = 3*r - 5*s + 20, 0 = -2*r + 3*s - 12. What are the prime factors of u + (57 - 3 - r)?
3, 17
Let v(a) = a**2 - 39*a - 166. Let p be v(51). Suppose 14 = 3*b + 4*b. Suppose -3*i + 2*f + 661 = -0*f, -b*i = 4*f - p. What are the prime factors of i?
13, 17
Let k(x) = -x**2 - 7*x - 6. Let u be k(-5). Suppose -3*l + 80 = -0*l - 2*g, 0 = u*l + 3*g - 84. What are the prime factors of ((-6)/l)/(((-9)/(-1308))/(-3))?
109
Let t = -388 + 257. Let q = 294 + t. Suppose 0 = -3*s + 2*l + 229, -78 = -3*s - l + q. What are the prime factors of s?
79
Let c(v) = -64*v**2 - 4 - 22*v + 22 + 33*v**2 + 40*v**2. List the prime factors of c(8).
2, 11, 19
Let p = 63 + -58. Let y be (1 - p)*(-519)/6. Suppose 0 = 5*r - 15, 0 = 5*q + 4*r - 266 - y. List the prime factors of q.
2, 3, 5
Let x(l) = -l + 7. Let s be x(-7). Let b(w) = w**3 + 11*w**2 + 10*w + 15. Let m be b(-10). Suppose s*y = m*y - 10. What are the prime factors of y?
2, 5
Let h be 1 + -6 - (8 + -5). List the prime factors of h/(-18) - 3728/(-36).
2, 13
Let g be 5/(10/54)*12/9. Let z be ((-210)/4)/(g/(-48)). What are the prime factors of ((-2)/((-8)/23))/(z/1400)?
5, 23
Suppose -2*f + g = 3*g - 4, 5*g + 14 = 3*f. Suppose 0 = -3*d - 4*b + 43, 47 = f*d + 4*b + b. List the prime factors of 7/((-21)/d)*48/(-2).
2, 3
Suppose -b = -3*s + 38857, -46846 + 7983 = -3*s + 7*b. List the prime factors of s.
2, 1619
Suppose 2*z + 4*k - 16 = 0, 4*k = 13*z - 10*z + 6. Suppose -a + 58 = z*x, 2*a - 179 = x - 58. What are the prime factors of a?
2, 3, 5
Suppose o + 996*a - 56125 = 995*a, -280617 = -5*o + 3*a. What are the prime factors of o?
2, 3, 1559
Suppose 362821 + 240197 = 54*o. What are the prime factors of o?
13, 859
Let p(m) = 892*m**2 + 74*m - 15. What are the prime factors of p(-5)?
3, 5, 487
Let l be (-224)/22 + (-7)/(77/(-2)). Let r(u) = 2*u**2 + 21*u + 15. Let g be r(l). Suppose g*j = 3*j + 116. What are the prime fac